rs of w?
2, 3, 59
Suppose 18 = -10*r + 348. Suppose -l + 25 + 12 = 0. Suppose l*j = 36*j + r. What are the prime factors of j?
3, 11
Let j = -180 + 270. Let l be -25 + -15 + (1 - 0) + 1. Let a = j + l. What are the prime factors of a?
2, 13
Suppose -d - 23 + 8 = 5*a, -3*d - a = 31. What are the prime factors of 4/d - (-3402)/105?
2
Let b = 16 - 4. Let y = b - 9. Suppose 0 = 4*h + y*f - 47, -3*h + 28 + 6 = 2*f. What are the prime factors of h?
2
Let k(f) = 2*f**3 + 15*f**2 - 27*f + 20. What are the prime factors of k(-9)?
2, 5
Suppose -2*h = -4*p + 70, -4*h - h + 4*p = 199. Let q = -2 - h. Let f = -20 + q. List the prime factors of f.
3, 7
Let f be -17 - (-1)/((-2)/(-4)). Let i = -11 - f. Suppose c = i, w - 3*c = -0*w + 2. List the prime factors of w.
2, 7
Let k = 647 + -97. List the prime factors of k.
2, 5, 11
Let t be (3/(-2))/(-3)*(-227 + 1). Let m = 55 - t. What are the prime factors of m?
2, 3, 7
Suppose -3*q = 2*r - 120, -5*r - 104 + 309 = 5*q. Suppose -45 = 3*w + 3*v, v - q - 11 = 3*w. Let t = w + 43. What are the prime factors of t?
3
Let l(v) = 13*v**2 + 22*v + 29*v + 28*v - 2 - 76*v. What are the prime factors of l(-3)?
2, 53
Suppose k + 3 = j + j, -5*j - 5*k - 15 = 0. Suppose -5*f + 5 + 5 = j. Suppose -26 = -f*l - 2. List the prime factors of l.
2, 3
Suppose 2*a + 9 + 3 = 0. Let l = 9 + a. Suppose 2*v - 120 = -l*v. What are the prime factors of v?
2, 3
Let r(k) = 3*k**2 - 13*k + 54. List the prime factors of r(-8).
2, 5, 7
Let g(c) = -c**2 - 10*c + 2. Suppose 2 = 2*l - 34. Let i be 4/l - 444/54. What are the prime factors of g(i)?
2, 3
Suppose 3*s - 28 = -2*d, 5*d + 3*s - s - 92 = 0. Let u = d + 70. List the prime factors of u.
2, 3, 5
Let n = 68 - -12. Suppose -n = 7*j - 710. List the prime factors of j.
2, 3, 5
List the prime factors of (-357450)/(-330) - (-3)/(-66)*4.
3, 19
Let x = -367 + 3059. List the prime factors of x.
2, 673
Suppose -18*h + 20*h = 16. Let t be (1 + 1)*(-30)/4. Let w = h - t. List the prime factors of w.
23
Suppose 306*v - 24530 = 295*v. List the prime factors of v.
2, 5, 223
Let l(x) = x**3 + 8*x**2 + 6*x - 9. Let z be l(-7). What are the prime factors of ((-2)/(-6))/(z/(-294))?
7
Suppose -17 = -3*u - 5. Let w be (-135)/u - 6/24. Let p = w - -50. List the prime factors of p.
2
Suppose -9 = -3*s - 3. Let l be (-25)/s + (-1)/(-2). List the prime factors of (-2)/l - 107/(-6).
2, 3
Suppose -10*m + 11*m - 17 = 0. Suppose m*j - 19*j + 30 = 0. List the prime factors of j.
3, 5
Let s(l) = -l**3 - 12*l**2 + 12*l - 19. Let q be s(-13). Let f be q/6 + 6/2. Let p = f + 26. What are the prime factors of p?
2, 7
Suppose a + 3*b + 11 = -3*a, -3*a - 4*b = 17. Let j(p) = 113*p - 13. Let d(x) = -56*x + 6. Let k(f) = -13*d(f) - 6*j(f). What are the prime factors of k(a)?
2, 5
Let t(m) = 3*m**3 - 4*m**2 + 4*m - 2. Let j be t(2). Suppose -7*d = -2*d + 2*q - 42, -d + j = -q. Let l = d - 5. What are the prime factors of l?
5
Let m(l) = -220*l**3 - 2*l**2 - 14*l - 16. What are the prime factors of m(-2)?
2, 3, 7
Suppose 3*k - 2064 = -5*f, -k + 17*f = 15*f - 699. What are the prime factors of k?
3, 7, 11
Suppose 149*y = 164*y - 15165. List the prime factors of y.
3, 337
Suppose 0 = 569*g - 573*g + 6552. List the prime factors of g.
2, 3, 7, 13
Let d = -42 + 40. Let h(w) = 1 + w - 1 + 5*w**2 - 7*w**2 - 4*w**3. List the prime factors of h(d).
2, 11
Suppose -94*d + 1562 = -83*d. List the prime factors of d.
2, 71
Suppose -4*f + 28 + 44 = 0. Let o = f + -14. Let p(w) = 12*w + 7. List the prime factors of p(o).
5, 11
Let k be (-371)/(-4) + (-6)/(-24). Suppose p = k - 6. What are the prime factors of p?
3, 29
Let o = 13303 + -8502. What are the prime factors of o?
4801
Suppose 731 = 7*c - 81. Suppose 116 + c = 2*o. List the prime factors of o.
2, 29
Suppose -32*n = -2858 - 1142. What are the prime factors of n?
5
Suppose 4*f - 2053 - 4215 = 0. What are the prime factors of f?
1567
What are the prime factors of 152/(-4)*120/(-16)?
3, 5, 19
List the prime factors of (-3815)/14*32/(-20).
2, 109
Let y = 46 - 137. Let f = 186 + y. What are the prime factors of f?
5, 19
List the prime factors of 1/(72195/(-8022) + 2 - -7).
2, 7, 191
What are the prime factors of (4/10)/(9/1935)?
2, 43
Let v(g) = -354*g + 180. List the prime factors of v(-3).
2, 3, 23
Let w be (2 - (-2 + 1)) + (16 - 20). Let i(o) = -231*o + 9. List the prime factors of i(w).
2, 3, 5
Suppose -332 = 7*u - 3*u. Suppose 16*f = 22*f - 732. Let c = u + f. List the prime factors of c.
3, 13
Let d = -51 - 62. Let c = 1024 + -857. Let s = d + c. What are the prime factors of s?
2, 3
Let s(r) = 3*r**2 + 17*r + 3 + 2 - 19*r. Let j be 6/8*-4*1. What are the prime factors of s(j)?
2, 19
Suppose -31*g - 73276 = -190611. What are the prime factors of g?
5, 757
Suppose 0 = 4*b - 4*z + 84, 2*b = 6*b - 3*z + 84. What are the prime factors of (b/(-5))/((-1)/(2 + -7))?
3, 7
Let l(v) = -199*v - 75. List the prime factors of l(-3).
2, 3, 29
What are the prime factors of (-33423)/(-18) + (-1 - 4)/(-30)?
3, 619
Suppose -5*z + 3*p = p, z - 22 = -4*p. List the prime factors of -5*(-3 + z + 69/(-15)).
2, 7
Suppose -5*x = -6 + 1. Let z be (7 - 9)*12/(-8). Suppose -3*p + 30 = 3*k, 2*k = z*k + x. List the prime factors of p.
11
Suppose 273*a - 295*a = -58850. What are the prime factors of a?
5, 107
Suppose 0 = 2*c - 7*c. Suppose 5*d - 3*q - 81 = 0, -3*d + 6*d - q - 47 = c. Let s(g) = g**3 - 16*g**2 + 16*g + 20. What are the prime factors of s(d)?
5, 7
Let m = -688 - -1114. List the prime factors of m.
2, 3, 71
Let z = -5 + 119. List the prime factors of z.
2, 3, 19
Let c(q) = 1142*q**2 + q. List the prime factors of c(1).
3, 127
Let m(k) be the second derivative of k**4/4 + 3*k**2/2 + k. What are the prime factors of m(5)?
2, 3, 13
Let x(p) be the first derivative of 16*p**2 - 96*p + 1. What are the prime factors of x(10)?
2, 7
Let r = 1 + 4. Let p = 102 + -102. Suppose r*a - 25 = -p*a. List the prime factors of a.
5
Suppose 0 = -3*d + 3 + 3. Suppose 0 = -d*a + 3*a. List the prime factors of (-1)/(a - (-2)/(-4)).
2
Suppose -s + 34 = -l, l + 0*s = -s - 44. Let c be l/(3 + (-15)/4). Suppose n + n - c = 0. What are the prime factors of n?
2, 13
List the prime factors of 352/6*375/50.
2, 5, 11
Suppose x - 5*d - 145 = -9, 0 = 4*x - 4*d - 544. What are the prime factors of x?
2, 17
Let n = -390 + 611. Let t = n - 68. List the prime factors of t.
3, 17
Suppose 4*k = -r + 5*r - 76, k = 1. Suppose 11 = 3*a + 2*n, -r = -0*a - 5*a - 3*n. Suppose -l + 32 = a. What are the prime factors of l?
5
Let d(a) be the second derivative of -a**3/2 - 13*a**2/2 + 81*a. Let q(x) = -x**2 - 3*x - 1. Let c be q(-5). List the prime factors of d(c).
2, 5
Suppose -3*h - 6 = -0*h. Let v(j) = 2*j - 16. Let g be v(-7). What are the prime factors of h/3 + (-350)/g?
11
Suppose 2*h - 2239 = -2*h + n, 20 = 4*n. List the prime factors of h.
3, 11, 17
Suppose 29*s = 24*s + 2*r + 22035, -2*r + 8828 = 2*s. List the prime factors of s.
4409
Let w(b) = 5*b - 26. Let t be w(6). Let y = t - -24. What are the prime factors of y?
2, 7
Suppose -3*j - i + 1457 = -1781, 0 = 5*j - 2*i - 5415. List the prime factors of j.
23, 47
Suppose 0 = 3*u + 2*u - 10. Suppose 4 + 0 = u*t. What are the prime factors of t/18 - (-912)/54?
17
Let i be (-3)/((9/94)/(-3)). Let c be (-30)/45 + 175/(-3). Let y = c + i. List the prime factors of y.
5, 7
Suppose k - 21*p - 2046 = -19*p, 0 = 2*k - 2*p - 4098. List the prime factors of k.
2, 3, 19
Suppose 0 = -g + 19*g - 5238. What are the prime factors of g?
3, 97
Suppose 27 = 3*k - 3*p, 7*k - 3*k = -5*p. Suppose 0 = k*l + 916 - 2346. List the prime factors of l.
2, 11, 13
Suppose -4*m - k + 275 = 0, 0 = -5*m + 2*k + 193 + 167. What are the prime factors of m?
2, 5, 7
Let l = 10 + -4. Let q be -1 - -5 - (l - 2). What are the prime factors of 4 + (q - -4 - 0)?
2
Let p be (-12)/(6/(-27)*3). Let n be (-9)/p*(2 + -92). Suppose -5*o - 3*q = -248, 2*o = -3*q + n + 47. What are the prime factors of o?
2, 13
Suppose k + 66 = d, 0*d - 5*d = k + 66. Let s = k + 151. List the prime factors of s.
5, 17
Let s be 6 - 8/12*-3. Suppose -s*h + w = -7*h - 146, -3*w = 0. List the prime factors of h.
2, 73
Suppose -2*k + 3*n = -778, -3*k - 2*n + 1167 = -0*n. What are the prime factors of k?
389
Let r(u) = -u**3 - 5*u**2 + 6*u + 3. Suppose 0 = 5*h 